{"id":60,"date":"2019-07-08T10:13:58","date_gmt":"2019-07-08T10:13:58","guid":{"rendered":"https:\/\/www.aspasl.com\/?page_id=60"},"modified":"2019-12-02T11:20:41","modified_gmt":"2019-12-02T11:20:41","slug":"contacto-2","status":"publish","type":"page","link":"https:\/\/www.aspasl.com\/index.php\/contacto-2\/","title":{"rendered":"CONTACTO"},"content":{"rendered":"\t\t<div data-elementor-type=\"wp-page\" data-elementor-id=\"60\" class=\"elementor elementor-60\" data-elementor-post-type=\"page\">\n\t\t\t\t\t\t<section class=\"elementor-section elementor-top-section elementor-element elementor-element-1a3fc555 elementor-section-boxed elementor-section-height-default elementor-section-height-default\" data-id=\"1a3fc555\" data-element_type=\"section\">\n\t\t\t\t\t\t<div class=\"elementor-container elementor-column-gap-default\">\n\t\t\t\t\t<div class=\"elementor-column elementor-col-100 elementor-top-column elementor-element elementor-element-40681b35\" data-id=\"40681b35\" data-element_type=\"column\">\n\t\t\t<div class=\"elementor-widget-wrap elementor-element-populated\">\n\t\t\t\t\t\t<div class=\"elementor-element elementor-element-5f32a213 elementor-widget elementor-widget-text-editor\" data-id=\"5f32a213\" data-element_type=\"widget\" data-widget_type=\"text-editor.default\">\n\t\t\t\t<div class=\"elementor-widget-container\">\n\t\t\t\t\t\t\t\t\t\n<p style=\"text-align: left;\"><strong>Direcci\u00f3n:\u00a0<\/strong>Calle Francisco y Jos\u00e9 Mart\u00edn Granizo, 2. 28224 Pozuelo de Alarc\u00f3n. Madrid. (Spain)\u00a0<\/p>\n\n<p style=\"text-align: left;\"><strong>Tel\u00e9fono\/fax<\/strong>: + 34 913 51 55 07<\/p>\n\n<p style=\"text-align: left;\"><strong>Correo electr\u00f3nico<\/strong>: <a href=\"mailto:aspa@aspasl.com\">aspa@aspasl.com<\/a><\/p>\n\t\t\t\t\t\t\t\t<\/div>\n\t\t\t\t<\/div>\n\t\t\t\t\t<\/div>\n\t\t<\/div>\n\t\t\t\t\t<\/div>\n\t\t<\/section>\n\t\t\t\t<\/div>\n\t\t","protected":false},"excerpt":{"rendered":"<p>Direcci\u00f3n:\u00a0Calle Francisco y Jos\u00e9 Mart\u00edn Granizo, 2. 28224 Pozuelo de Alarc\u00f3n. Madrid. (Spain)\u00a0 Tel\u00e9fono\/fax: + 34 913 51 55 07 Correo electr\u00f3nico: aspa@aspasl.com<\/p>\n","protected":false},"author":1,"featured_media":0,"parent":0,"menu_order":0,"comment_status":"closed","ping_status":"closed","template":"","meta":{"_monsterinsights_skip_tracking":false,"_monsterinsights_sitenote_active":false,"_monsterinsights_sitenote_note":"","_monsterinsights_sitenote_category":0,"footnotes":""},"class_list":["post-60","page","type-page","status-publish","hentry"],"_links":{"self":[{"href":"https:\/\/www.aspasl.com\/index.php\/wp-json\/wp\/v2\/pages\/60","targetHints":{"allow":["GET"]}}],"collection":[{"href":"https:\/\/www.aspasl.com\/index.php\/wp-json\/wp\/v2\/pages"}],"about":[{"href":"https:\/\/www.aspasl.com\/index.php\/wp-json\/wp\/v2\/types\/page"}],"author":[{"embeddable":true,"href":"https:\/\/www.aspasl.com\/index.php\/wp-json\/wp\/v2\/users\/1"}],"replies":[{"embeddable":true,"href":"https:\/\/www.aspasl.com\/index.php\/wp-json\/wp\/v2\/comments?post=60"}],"version-history":[{"count":0,"href":"https:\/\/www.aspasl.com\/index.php\/wp-json\/wp\/v2\/pages\/60\/revisions"}],"wp:attachment":[{"href":"https:\/\/www.aspasl.com\/index.php\/wp-json\/wp\/v2\/media?parent=60"}],"curies":[{"name":"wp","href":"https:\/\/api.w.org\/{rel}","templated":true}]}}