{"id":633,"date":"2019-11-26T12:13:31","date_gmt":"2019-11-26T12:13:31","guid":{"rendered":"https:\/\/www.aspasl.com\/?page_id=633"},"modified":"2023-11-07T10:37:27","modified_gmt":"2023-11-07T10:37:27","slug":"accion-cambio-climatico","status":"publish","type":"page","link":"https:\/\/www.aspasl.com\/index.php\/accion-cambio-climatico\/","title":{"rendered":"Acci\u00f3n cambio clim\u00e1tico"},"content":{"rendered":"\t\t<div data-elementor-type=\"wp-page\" data-elementor-id=\"633\" class=\"elementor elementor-633\" data-elementor-post-type=\"page\">\n\t\t\t\t\t\t<section class=\"elementor-section elementor-top-section elementor-element elementor-element-cfbed6a elementor-section-boxed elementor-section-height-default elementor-section-height-default\" data-id=\"cfbed6a\" data-element_type=\"section\">\n\t\t\t\t\t\t<div class=\"elementor-container elementor-column-gap-default\">\n\t\t\t\t\t<div class=\"elementor-column elementor-col-100 elementor-top-column elementor-element elementor-element-3f3d1c5\" data-id=\"3f3d1c5\" data-element_type=\"column\">\n\t\t\t<div class=\"elementor-widget-wrap elementor-element-populated\">\n\t\t\t\t\t\t<div class=\"elementor-element elementor-element-73fcd50 elementor-widget elementor-widget-text-editor\" data-id=\"73fcd50\" data-element_type=\"widget\" data-widget_type=\"text-editor.default\">\n\t\t\t\t<div class=\"elementor-widget-container\">\n\t\t\t\t\t\t\t\t\t<p>El cambio clim\u00e1tico es sin duda el principal reto con el que la humanidad se enfrentar\u00e1 en los pr\u00f3ximos a\u00f1os. Por ello ofrecemos nuestra experiencia en la gesti\u00f3n medioambiental, la participaci\u00f3n ciudadana y las nuevas tecnolog\u00edas para ofrecer una serie de servicios aplicados a la reducci\u00f3n del cambio clim\u00e1tico as\u00ed como la mitigaci\u00f3n de sus efectos.<\/p><p style=\"text-align: left;\">En especial nos dirigimos a los ayuntamientos para que pongan en marcha acciones sobre cambio clim\u00e1tico.<\/p><ul><li style=\"text-align: left;\"><a href=\"https:\/\/www.aspasl.com\/index.php\/informe-tecnico-sobre-la-huella-de-carbono-del-municipio\/\">Informe t\u00e9cnico sobre la huella de carbono municipal.<\/a><\/li><li style=\"text-align: left;\"><a href=\"https:\/\/www.aspasl.com\/index.php\/elaboracion-de-planes-locales-de-adaptacion-al-cambio-climatico\/\">Elaboraci\u00f3n de planes locales de adaptaci\u00f3n al cambio clim\u00e1tico.<\/a><\/li><li style=\"text-align: left;\"><a href=\"https:\/\/www.aspasl.com\/index.php\/web-informativa-yo-actuo-contra-cambio-climatico\/\">Web informativa \u00abyo act\u00fao contra el cambo clim\u00e1tico\u00bb.<\/a><\/li><li style=\"text-align: left;\"><a href=\"https:\/\/www.aspasl.com\/index.php\/talleres-escolares-sobre-cambio-climatico\/\">Talleres escolares.<\/a><\/li><li style=\"text-align: left;\"><a href=\"https:\/\/www.aspasl.com\/index.php\/exposicion-itinerante-sobre-cambio-climatico\/\">Exposici\u00f3n itinerante sobre cambio clim\u00e1tico.<\/a><\/li><\/ul><div>\u00a0<\/div><div>\u00a0<\/div>\t\t\t\t\t\t\t\t<\/div>\n\t\t\t\t<\/div>\n\t\t\t\t\t<\/div>\n\t\t<\/div>\n\t\t\t\t\t<\/div>\n\t\t<\/section>\n\t\t\t\t<section class=\"elementor-section elementor-top-section elementor-element elementor-element-10342a5 elementor-section-boxed elementor-section-height-default elementor-section-height-default\" data-id=\"10342a5\" data-element_type=\"section\">\n\t\t\t\t\t\t<div class=\"elementor-container elementor-column-gap-default\">\n\t\t\t\t\t<div class=\"elementor-column elementor-col-100 elementor-top-column elementor-element elementor-element-5d111f7\" data-id=\"5d111f7\" data-element_type=\"column\">\n\t\t\t<div class=\"elementor-widget-wrap elementor-element-populated\">\n\t\t\t\t\t\t<div class=\"elementor-element elementor-element-4de4b20 elementor-widget elementor-widget-text-editor\" data-id=\"4de4b20\" data-element_type=\"widget\" data-widget_type=\"text-editor.default\">\n\t\t\t\t<div class=\"elementor-widget-container\">\n\t\t\t\t\t\t\t\t\t<p>Hemos colaborado en el dise\u00f1o, redacci\u00f3n y creaci\u00f3n de la <strong>web sobre cambio clim\u00e1tico de la AEEIA<\/strong>, financiada por la Fundaci\u00f3n Biodiversidad, Ministerio de Transici\u00f3n Ecol\u00f3gica y la Oficina Espa\u00f1ola de Cambio Clim\u00e1tico.<\/p><p><img decoding=\"async\" class=\"alignnone wp-image-773 size-medium\" src=\"https:\/\/www.aspasl.com\/wp-content\/uploads\/2020\/02\/logo-clima-asoc-300x94.png\" alt=\"\" width=\"300\" height=\"94\" srcset=\"https:\/\/www.aspasl.com\/wp-content\/uploads\/2020\/02\/logo-clima-asoc-300x94.png 300w, https:\/\/www.aspasl.com\/wp-content\/uploads\/2020\/02\/logo-clima-asoc-1024x322.png 1024w, https:\/\/www.aspasl.com\/wp-content\/uploads\/2020\/02\/logo-clima-asoc-768x242.png 768w, https:\/\/www.aspasl.com\/wp-content\/uploads\/2020\/02\/logo-clima-asoc-1536x483.png 1536w, https:\/\/www.aspasl.com\/wp-content\/uploads\/2020\/02\/logo-clima-asoc-1232x387.png 1232w, https:\/\/www.aspasl.com\/wp-content\/uploads\/2020\/02\/logo-clima-asoc.png 1841w\" sizes=\"(max-width: 300px) 100vw, 300px\" \/><\/p><p>Trabajamos para la Red Espa\u00f1ola de Ciudades por el Clima, de la Federaci\u00f3n Espa\u00f1ola de Municipios y Provincias (FEMP), elaborando diversos materiales divulgativos, y coordinando reuniones t\u00e9cnicas. Entre ellas destacan la redacci\u00f3n, dise\u00f1o y maquetaci\u00f3n de las siguientes publicaciones: \u00ab<strong>Volumen 15 de la Biblioteca de Ciudades por el Clima. Reducci\u00f3n de emisiones. Casos pr\u00e1cticos en la Red Espa\u00f1ola de Ciudades por el Clima<\/strong>\u00bb y \u00ab<strong>Comprometidos con la lucha contra el Cambio Clim\u00e1tico desde 2005<\/strong>\u00ab.<\/p><p><img fetchpriority=\"high\" decoding=\"async\" class=\"alignnone wp-image-785 size-large\" src=\"https:\/\/www.aspasl.com\/wp-content\/uploads\/2020\/02\/folletos-femp4-1024x544.jpg\" alt=\"\" width=\"1024\" height=\"544\" srcset=\"https:\/\/www.aspasl.com\/wp-content\/uploads\/2020\/02\/folletos-femp4-1024x544.jpg 1024w, https:\/\/www.aspasl.com\/wp-content\/uploads\/2020\/02\/folletos-femp4-300x160.jpg 300w, https:\/\/www.aspasl.com\/wp-content\/uploads\/2020\/02\/folletos-femp4-768x408.jpg 768w, https:\/\/www.aspasl.com\/wp-content\/uploads\/2020\/02\/folletos-femp4-1536x817.jpg 1536w, https:\/\/www.aspasl.com\/wp-content\/uploads\/2020\/02\/folletos-femp4-1232x655.jpg 1232w, https:\/\/www.aspasl.com\/wp-content\/uploads\/2020\/02\/folletos-femp4.jpg 1800w\" sizes=\"(max-width: 1024px) 100vw, 1024px\" \/><\/p><p>Actualmente tenemos dos cursos on-line, sobre de cambio clim\u00e1tico, en nuestra plataforma <a href=\"https:\/\/www.aspacampus.es\/\" target=\"_blank\" rel=\"noopener\">ASPACAMPUS<\/a>, que ya hemos realizado para varias Federaciones de\u00a0 Municipios, dirigidos a funcionarios de Ayuntamientos: \u00ab<strong>Estrategias locales contra el cambio clim\u00e1tico. Reducci\u00f3n de la huella de carbono a nivel local<\/strong>\u00bb y \u00ab<strong>Estrategias municipales contra el cambio clim\u00e1tico. Planes de acci\u00f3n por el clima y la energ\u00eda sostenibles (PACES)<\/strong>\u00ab.<\/p>\t\t\t\t\t\t\t\t<\/div>\n\t\t\t\t<\/div>\n\t\t\t\t\t<\/div>\n\t\t<\/div>\n\t\t\t\t\t<\/div>\n\t\t<\/section>\n\t\t\t\t<section class=\"elementor-section elementor-top-section elementor-element elementor-element-eb666b5 elementor-section-boxed elementor-section-height-default elementor-section-height-default\" data-id=\"eb666b5\" data-element_type=\"section\">\n\t\t\t\t\t\t<div class=\"elementor-container elementor-column-gap-default\">\n\t\t\t\t\t<div class=\"elementor-column elementor-col-100 elementor-top-column elementor-element elementor-element-542bc94\" data-id=\"542bc94\" data-element_type=\"column\">\n\t\t\t<div class=\"elementor-widget-wrap elementor-element-populated\">\n\t\t\t\t\t\t\t<\/div>\n\t\t<\/div>\n\t\t\t\t\t<\/div>\n\t\t<\/section>\n\t\t\t\t<\/div>\n\t\t","protected":false},"excerpt":{"rendered":"<p>El cambio clim\u00e1tico es sin duda el principal reto con el que la humanidad se enfrentar\u00e1 en los pr\u00f3ximos a\u00f1os. Por ello ofrecemos nuestra experiencia en la gesti\u00f3n medioambiental, la participaci\u00f3n ciudadana y las nuevas tecnolog\u00edas para ofrecer una serie de servicios aplicados a la reducci\u00f3n del cambio clim\u00e1tico as\u00ed como la mitigaci\u00f3n de sus&nbsp;&hellip;<\/p>\n","protected":false},"author":1,"featured_media":0,"parent":0,"menu_order":0,"comment_status":"closed","ping_status":"closed","template":"","meta":{"_monsterinsights_skip_tracking":false,"_monsterinsights_sitenote_active":false,"_monsterinsights_sitenote_note":"","_monsterinsights_sitenote_category":0,"footnotes":""},"class_list":["post-633","page","type-page","status-publish","hentry"],"_links":{"self":[{"href":"https:\/\/www.aspasl.com\/index.php\/wp-json\/wp\/v2\/pages\/633","targetHints":{"allow":["GET"]}}],"collection":[{"href":"https:\/\/www.aspasl.com\/index.php\/wp-json\/wp\/v2\/pages"}],"about":[{"href":"https:\/\/www.aspasl.com\/index.php\/wp-json\/wp\/v2\/types\/page"}],"author":[{"embeddable":true,"href":"https:\/\/www.aspasl.com\/index.php\/wp-json\/wp\/v2\/users\/1"}],"replies":[{"embeddable":true,"href":"https:\/\/www.aspasl.com\/index.php\/wp-json\/wp\/v2\/comments?post=633"}],"version-history":[{"count":0,"href":"https:\/\/www.aspasl.com\/index.php\/wp-json\/wp\/v2\/pages\/633\/revisions"}],"wp:attachment":[{"href":"https:\/\/www.aspasl.com\/index.php\/wp-json\/wp\/v2\/media?parent=633"}],"curies":[{"name":"wp","href":"https:\/\/api.w.org\/{rel}","templated":true}]}}