{"id":834,"date":"2020-02-25T11:36:14","date_gmt":"2020-02-25T11:36:14","guid":{"rendered":"https:\/\/www.aspasl.com\/?page_id=834"},"modified":"2020-02-25T11:37:15","modified_gmt":"2020-02-25T11:37:15","slug":"exposicion-itinerante-sobre-cambio-climatico","status":"publish","type":"page","link":"https:\/\/www.aspasl.com\/index.php\/exposicion-itinerante-sobre-cambio-climatico\/","title":{"rendered":"Exposici\u00f3n itinerante sobre cambio clim\u00e1tico"},"content":{"rendered":"\t\t<div data-elementor-type=\"wp-page\" data-elementor-id=\"834\" class=\"elementor elementor-834\" data-elementor-post-type=\"page\">\n\t\t\t\t\t\t<section class=\"elementor-section elementor-top-section elementor-element elementor-element-9d0f4d9 elementor-section-boxed elementor-section-height-default elementor-section-height-default\" data-id=\"9d0f4d9\" data-element_type=\"section\">\n\t\t\t\t\t\t<div class=\"elementor-container elementor-column-gap-default\">\n\t\t\t\t\t<div class=\"elementor-column elementor-col-100 elementor-top-column elementor-element elementor-element-6330e90\" data-id=\"6330e90\" data-element_type=\"column\">\n\t\t\t<div class=\"elementor-widget-wrap elementor-element-populated\">\n\t\t\t\t\t\t<div class=\"elementor-element elementor-element-947f42d elementor-widget elementor-widget-text-editor\" data-id=\"947f42d\" data-element_type=\"widget\" data-widget_type=\"text-editor.default\">\n\t\t\t\t<div class=\"elementor-widget-container\">\n\t\t\t\t\t\t\t\t\t<p style=\"text-align: left;\"><img fetchpriority=\"high\" decoding=\"async\" class=\"alignleft wp-image-804 size-medium\" src=\"https:\/\/www.aspasl.com\/wp-content\/uploads\/2020\/02\/imagen-folleto-clima-4-300x300.png\" alt=\"\" width=\"300\" height=\"300\" srcset=\"https:\/\/www.aspasl.com\/wp-content\/uploads\/2020\/02\/imagen-folleto-clima-4-300x300.png 300w, https:\/\/www.aspasl.com\/wp-content\/uploads\/2020\/02\/imagen-folleto-clima-4-150x150.png 150w, https:\/\/www.aspasl.com\/wp-content\/uploads\/2020\/02\/imagen-folleto-clima-4.png 400w\" sizes=\"(max-width: 300px) 100vw, 300px\" \/>Mediante la elaboraci\u00f3n de una exposici\u00f3n con paneles port\u00e1tiles, se pueden visibilizar las actitudes y actuaciones de la corporaci\u00f3n municipal en materia de cambio clim\u00e1tico.<\/p><p style=\"text-align: left;\">El objetivo no es \u00fanicamente hacer visible el trabajo realizado, sino concienciar sobre la acci\u00f3n sobre cambio clim\u00e1tico en el plano personal y como comunidad.<\/p><p style=\"text-align: left;\">La exposici\u00f3n puede rotar por espacios y centros p\u00fablicos, colegios, etc. acompa\u00f1\u00e1ndola de una charla de presentaci\u00f3n y debate ciudadano.<\/p><p style=\"text-align: left;\">\u00a0<\/p><p style=\"text-align: left;\">\u00a0<\/p><p style=\"text-align: left;\">Acciones a desarrollar:<\/p><p style=\"text-align: left;\">\u00a0<\/p><ul><li style=\"text-align: left;\">Paneles port\u00e1tiles.<\/li><li style=\"text-align: left;\">Presentaci\u00f3n y charlas informativas.<\/li><\/ul><p>\u00a0<\/p>\t\t\t\t\t\t\t\t<\/div>\n\t\t\t\t<\/div>\n\t\t\t\t\t<\/div>\n\t\t<\/div>\n\t\t\t\t\t<\/div>\n\t\t<\/section>\n\t\t\t\t<\/div>\n\t\t","protected":false},"excerpt":{"rendered":"<p>Mediante la elaboraci\u00f3n de una exposici\u00f3n con paneles port\u00e1tiles, se pueden visibilizar las actitudes y actuaciones de la corporaci\u00f3n municipal en materia de cambio clim\u00e1tico. El objetivo no es \u00fanicamente hacer visible el trabajo realizado, sino concienciar sobre la acci\u00f3n sobre cambio clim\u00e1tico en el plano personal y como comunidad. La exposici\u00f3n puede rotar por&nbsp;&hellip;<\/p>\n","protected":false},"author":1,"featured_media":0,"parent":0,"menu_order":0,"comment_status":"closed","ping_status":"closed","template":"","meta":{"_monsterinsights_skip_tracking":false,"_monsterinsights_sitenote_active":false,"_monsterinsights_sitenote_note":"","_monsterinsights_sitenote_category":0,"footnotes":""},"class_list":["post-834","page","type-page","status-publish","hentry"],"_links":{"self":[{"href":"https:\/\/www.aspasl.com\/index.php\/wp-json\/wp\/v2\/pages\/834","targetHints":{"allow":["GET"]}}],"collection":[{"href":"https:\/\/www.aspasl.com\/index.php\/wp-json\/wp\/v2\/pages"}],"about":[{"href":"https:\/\/www.aspasl.com\/index.php\/wp-json\/wp\/v2\/types\/page"}],"author":[{"embeddable":true,"href":"https:\/\/www.aspasl.com\/index.php\/wp-json\/wp\/v2\/users\/1"}],"replies":[{"embeddable":true,"href":"https:\/\/www.aspasl.com\/index.php\/wp-json\/wp\/v2\/comments?post=834"}],"version-history":[{"count":0,"href":"https:\/\/www.aspasl.com\/index.php\/wp-json\/wp\/v2\/pages\/834\/revisions"}],"wp:attachment":[{"href":"https:\/\/www.aspasl.com\/index.php\/wp-json\/wp\/v2\/media?parent=834"}],"curies":[{"name":"wp","href":"https:\/\/api.w.org\/{rel}","templated":true}]}}